[INFO] cloning repository https://github.com/jgilchrist/rslike
[INFO] running `Command { std: "git" "-c" "credential.helper=" "-c" "credential.helper=/workspace/cargo-home/bin/git-credential-null" "clone" "--bare" "https://github.com/jgilchrist/rslike" "/workspace/cache/git-repos/https%3A%2F%2Fgithub.com%2Fjgilchrist%2Frslike", kill_on_drop: false }`
[INFO] [stderr] Cloning into bare repository '/workspace/cache/git-repos/https%3A%2F%2Fgithub.com%2Fjgilchrist%2Frslike'...
[INFO] running `Command { std: "git" "rev-parse" "HEAD", kill_on_drop: false }`
[INFO] [stdout] c5c4bc7cee04057219d62fc719dcf325b84dcf38
[INFO] checking jgilchrist/rslike against master#cfbc6d4cf1acbac5c025acf8ed68929caa551df3 for pr-75494-beta
[INFO] running `Command { std: "git" "clone" "/workspace/cache/git-repos/https%3A%2F%2Fgithub.com%2Fjgilchrist%2Frslike" "/workspace/builds/worker-2/source", kill_on_drop: false }`
[INFO] [stderr] Cloning into '/workspace/builds/worker-2/source'...
[INFO] [stderr] done.
[INFO] validating manifest of git repo https://github.com/jgilchrist/rslike on toolchain cfbc6d4cf1acbac5c025acf8ed68929caa551df3
[INFO] running `Command { std: "/workspace/cargo-home/bin/cargo" "+cfbc6d4cf1acbac5c025acf8ed68929caa551df3" "read-manifest" "--manifest-path" "Cargo.toml", kill_on_drop: false }`
[INFO] started tweaking git repo https://github.com/jgilchrist/rslike
[INFO] finished tweaking git repo https://github.com/jgilchrist/rslike
[INFO] tweaked toml for git repo https://github.com/jgilchrist/rslike written to /workspace/builds/worker-2/source/Cargo.toml
[INFO] crate git repo https://github.com/jgilchrist/rslike already has a lockfile, it will not be regenerated
[INFO] running `Command { std: "/workspace/cargo-home/bin/cargo" "+cfbc6d4cf1acbac5c025acf8ed68929caa551df3" "fetch" "--locked" "--manifest-path" "Cargo.toml", kill_on_drop: false }`
[INFO] [stderr]     Blocking waiting for file lock on package cache
[INFO] [stderr]     Blocking waiting for file lock on package cache
[INFO] [stderr]  Downloading crates ...
[INFO] [stderr]   Downloaded tcod v0.10.0
[INFO] [stderr]   Downloaded tcod-sys v4.0.1
[INFO] running `Command { std: "docker" "create" "-v" "/var/lib/crater-agent-workspace/builds/worker-2/target:/opt/rustwide/target:rw,Z" "-v" "/var/lib/crater-agent-workspace/builds/worker-2/source:/opt/rustwide/workdir:ro,Z" "-v" "/var/lib/crater-agent-workspace/cargo-home:/opt/rustwide/cargo-home:ro,Z" "-v" "/var/lib/crater-agent-workspace/rustup-home:/opt/rustwide/rustup-home:ro,Z" "-e" "SOURCE_DIR=/opt/rustwide/workdir" "-e" "CARGO_TARGET_DIR=/opt/rustwide/target" "-e" "CARGO_HOME=/opt/rustwide/cargo-home" "-e" "RUSTUP_HOME=/opt/rustwide/rustup-home" "-w" "/opt/rustwide/workdir" "-m" "1610612736" "--user" "0:0" "--network" "none" "rustops/crates-build-env@sha256:a636fd89d022f18117e1dc8fb37a0a009933cdbbe082814857f0e2024962d47c" "/opt/rustwide/cargo-home/bin/cargo" "+cfbc6d4cf1acbac5c025acf8ed68929caa551df3" "metadata" "--no-deps" "--format-version=1", kill_on_drop: false }`
[INFO] [stderr] WARNING: Your kernel does not support swap limit capabilities or the cgroup is not mounted. Memory limited without swap.
[INFO] [stdout] f9dd07a07fdacd5d27bb5c8cd740855565ed63f775efbe26e6e2402e90fd80e6
[INFO] running `Command { std: "docker" "start" "-a" "f9dd07a07fdacd5d27bb5c8cd740855565ed63f775efbe26e6e2402e90fd80e6", kill_on_drop: false }`
[INFO] running `Command { std: "docker" "inspect" "f9dd07a07fdacd5d27bb5c8cd740855565ed63f775efbe26e6e2402e90fd80e6", kill_on_drop: false }`
[INFO] running `Command { std: "docker" "rm" "-f" "f9dd07a07fdacd5d27bb5c8cd740855565ed63f775efbe26e6e2402e90fd80e6", kill_on_drop: false }`
[INFO] [stdout] f9dd07a07fdacd5d27bb5c8cd740855565ed63f775efbe26e6e2402e90fd80e6
[INFO] running `Command { std: "docker" "create" "-v" "/var/lib/crater-agent-workspace/builds/worker-2/target:/opt/rustwide/target:rw,Z" "-v" "/var/lib/crater-agent-workspace/builds/worker-2/source:/opt/rustwide/workdir:ro,Z" "-v" "/var/lib/crater-agent-workspace/cargo-home:/opt/rustwide/cargo-home:ro,Z" "-v" "/var/lib/crater-agent-workspace/rustup-home:/opt/rustwide/rustup-home:ro,Z" "-e" "SOURCE_DIR=/opt/rustwide/workdir" "-e" "CARGO_TARGET_DIR=/opt/rustwide/target" "-e" "CARGO_INCREMENTAL=0" "-e" "RUST_BACKTRACE=full" "-e" "RUSTFLAGS=--cap-lints=forbid" "-e" "CARGO_HOME=/opt/rustwide/cargo-home" "-e" "RUSTUP_HOME=/opt/rustwide/rustup-home" "-w" "/opt/rustwide/workdir" "-m" "1610612736" "--user" "0:0" "--network" "none" "rustops/crates-build-env@sha256:a636fd89d022f18117e1dc8fb37a0a009933cdbbe082814857f0e2024962d47c" "/opt/rustwide/cargo-home/bin/cargo" "+cfbc6d4cf1acbac5c025acf8ed68929caa551df3" "check" "--frozen" "--all" "--all-targets" "--message-format=json", kill_on_drop: false }`
[INFO] [stderr] WARNING: Your kernel does not support swap limit capabilities or the cgroup is not mounted. Memory limited without swap.
[INFO] [stdout] c18432b55def07542b9a30627e86e33db90045578c6abede5d118bba78ea7b09
[INFO] running `Command { std: "docker" "start" "-a" "c18432b55def07542b9a30627e86e33db90045578c6abede5d118bba78ea7b09", kill_on_drop: false }`
[INFO] [stderr]    Compiling gcc v0.3.35
[INFO] [stderr]     Checking libc v0.2.15
[INFO] [stderr]     Checking lazy_static v0.1.16
[INFO] [stderr]    Compiling tcod-sys v4.0.1
[INFO] [stderr] The following warnings were emitted during compilation:
[INFO] [stderr] 
[INFO] [stderr] warning: libtcod/src/zlib/gzlib.c: In function 'gz_open':
[INFO] [stderr] warning: libtcod/src/zlib/gzlib.c:14:17: warning: implicit declaration of function 'lseek'; did you mean 'fseek'? [-Wimplicit-function-declaration]
[INFO] [stderr] warning:    14 | #  define LSEEK lseek
[INFO] [stderr] warning:       |                 ^~~~~
[INFO] [stderr] warning: libtcod/src/zlib/gzlib.c:250:24: note: in expansion of macro 'LSEEK'
[INFO] [stderr] warning:   250 |         state->start = LSEEK(state->fd, 0, SEEK_CUR);
[INFO] [stderr] warning:       |                        ^~~~~
[INFO] [stderr] warning: libtcod/src/zlib/gzread.c: In function 'gz_load':
[INFO] [stderr] warning: libtcod/src/zlib/gzread.c:30:15: warning: implicit declaration of function 'read'; did you mean 'fread'? [-Wimplicit-function-declaration]
[INFO] [stderr] warning:    30 |         ret = read(state->fd, buf + *have, len - *have);
[INFO] [stderr] warning:       |               ^~~~
[INFO] [stderr] warning:       |               fread
[INFO] [stderr] warning: libtcod/src/zlib/gzread.c: In function 'gzclose_r':
[INFO] [stderr] warning: libtcod/src/zlib/gzread.c:586:11: warning: implicit declaration of function 'close'; did you mean 'pclose'? [-Wimplicit-function-declaration]
[INFO] [stderr] warning:   586 |     ret = close(state->fd);
[INFO] [stderr] warning:       |           ^~~~~
[INFO] [stderr] warning:       |           pclose
[INFO] [stderr] warning: libtcod/src/zlib/gzwrite.c: In function 'gz_comp':
[INFO] [stderr] warning: libtcod/src/zlib/gzwrite.c:84:15: warning: implicit declaration of function 'write'; did you mean 'fwrite'? [-Wimplicit-function-declaration]
[INFO] [stderr] warning:    84 |         got = write(state->fd, strm->next_in, strm->avail_in);
[INFO] [stderr] warning:       |               ^~~~~
[INFO] [stderr] warning:       |               fwrite
[INFO] [stderr] warning: libtcod/src/zlib/gzwrite.c: In function 'gzclose_w':
[INFO] [stderr] warning: libtcod/src/zlib/gzwrite.c:561:9: warning: implicit declaration of function 'close'; did you mean 'pclose'? [-Wimplicit-function-declaration]
[INFO] [stderr] warning:   561 |     if (close(state->fd) == -1)
[INFO] [stderr] warning:       |         ^~~~~
[INFO] [stderr] warning:       |         pclose
[INFO] [stderr] warning: ar: `u' modifier ignored since `D' is the default (see `U')
[INFO] [stderr] warning: libtcod/src/parser_c.c: In function 'TCOD_parser_error':
[INFO] [stderr] warning: libtcod/src/parser_c.c:89:38: warning: '%s' directive writing up to 2047 bytes into a region of size 2029 [-Wformat-overflow=]
[INFO] [stderr] warning:    89 |  sprintf(buf2,"error in %s line %d : %s",lex->filename,lex->file_line,buf);
[INFO] [stderr] warning:       |                                      ^~                               ~~~
[INFO] [stderr] warning: libtcod/src/parser_c.c:89:2: note: 'sprintf' output 20 or more bytes (assuming 2067) into a destination of size 2048
[INFO] [stderr] warning:    89 |  sprintf(buf2,"error in %s line %d : %s",lex->filename,lex->file_line,buf);
[INFO] [stderr] warning:       |  ^~~~~~~~~~~~~~~~~~~~~~~~~~~~~~~~~~~~~~~~~~~~~~~~~~~~~~~~~~~~~~~~~~~~~~~~~
[INFO] [stderr] warning: libtcod/src/parser_c.c: In function 'default_new_flag':
[INFO] [stderr] warning: libtcod/src/parser_c.c:781:20: warning: 'sprintf' may write a terminating nul past the end of the destination [-Wformat-overflow=]
[INFO] [stderr] warning:   781 |  sprintf(tmp,"%s.%s",cur_prop_name,name);
[INFO] [stderr] warning:       |                    ^
[INFO] [stderr] warning: libtcod/src/parser_c.c:781:2: note: 'sprintf' output 2 or more bytes (assuming 513) into a destination of size 512
[INFO] [stderr] warning:   781 |  sprintf(tmp,"%s.%s",cur_prop_name,name);
[INFO] [stderr] warning:       |  ^~~~~~~~~~~~~~~~~~~~~~~~~~~~~~~~~~~~~~~
[INFO] [stderr] warning: libtcod/src/parser_c.c: In function 'default_new_property':
[INFO] [stderr] warning: libtcod/src/parser_c.c:792:20: warning: 'sprintf' may write a terminating nul past the end of the destination [-Wformat-overflow=]
[INFO] [stderr] warning:   792 |  sprintf(tmp,"%s.%s",cur_prop_name,propname);
[INFO] [stderr] warning:       |                    ^
[INFO] [stderr] warning: libtcod/src/parser_c.c:792:2: note: 'sprintf' output 2 or more bytes (assuming 513) into a destination of size 512
[INFO] [stderr] warning:   792 |  sprintf(tmp,"%s.%s",cur_prop_name,propname);
[INFO] [stderr] warning:       |  ^~~~~~~~~~~~~~~~~~~~~~~~~~~~~~~~~~~~~~~~~~~
[INFO] [stderr] warning: libtcod/src/sys_c.c: In function 'TCOD_sys_get_directory_content':
[INFO] [stderr] warning: libtcod/src/sys_c.c:159:25: warning: passing argument 2 of 'TCOD_list_push' makes pointer from integer without a cast [-Wint-conversion]
[INFO] [stderr] warning:   159 |     TCOD_list_push(list,strdup(dirent->d_name));
[INFO] [stderr] warning:       |                         ^~~~~~~~~~~~~~~~~~~~~~
[INFO] [stderr] warning:       |                         |
[INFO] [stderr] warning:       |                         int
[INFO] [stderr] warning: In file included from libtcod/include/libtcod.h:178,
[INFO] [stderr] warning:                  from libtcod/src/sys_c.c:41:
[INFO] [stderr] warning: libtcod/include/list.h:37:61: note: expected 'const void *' but argument is of type 'int'
[INFO] [stderr] warning:    37 | TCODLIB_API void TCOD_list_push(TCOD_list_t l, const void * elt);
[INFO] [stderr] warning:       |                                                ~~~~~~~~~~~~~^~~
[INFO] [stderr] warning: libtcod/src/sys_c.c: In function 'TCOD_sys_clipboard_get':
[INFO] [stderr] warning: libtcod/src/sys_c.c:645:12: warning: initialization of 'char *' from 'int' makes pointer from integer without a cast [-Wint-conversion]
[INFO] [stderr] warning:   645 |  char *ret=strdup(xbuf);
[INFO] [stderr] warning:       |            ^~~~~~
[INFO] [stderr] warning: libtcod/src/sys_opengl_c.c:35:10: fatal error: SDL/SDL.h: No such file or directory
[INFO] [stderr] warning:    35 | #include <SDL/SDL.h>
[INFO] [stderr] warning:       |          ^~~~~~~~~~~
[INFO] [stderr] warning: compilation terminated.
[INFO] [stderr] 
[INFO] [stderr] error: failed to run custom build command for `tcod-sys v4.0.1`
[INFO] [stderr] 
[INFO] [stderr] Caused by:
[INFO] [stderr]   process didn't exit successfully: `/opt/rustwide/target/debug/build/tcod-sys-e79958f238a09b8f/build-script-build` (exit code: 101)
[INFO] [stderr]   --- stdout
[INFO] [stderr]   TARGET = Some("x86_64-unknown-linux-gnu")
[INFO] [stderr]   OPT_LEVEL = Some("0")
[INFO] [stderr]   PROFILE = Some("debug")
[INFO] [stderr]   TARGET = Some("x86_64-unknown-linux-gnu")
[INFO] [stderr]   debug=true opt-level=0
[INFO] [stderr]   HOST = Some("x86_64-unknown-linux-gnu")
[INFO] [stderr]   TARGET = Some("x86_64-unknown-linux-gnu")
[INFO] [stderr]   TARGET = Some("x86_64-unknown-linux-gnu")
[INFO] [stderr]   HOST = Some("x86_64-unknown-linux-gnu")
[INFO] [stderr]   CC_x86_64-unknown-linux-gnu = None
[INFO] [stderr]   CC_x86_64_unknown_linux_gnu = None
[INFO] [stderr]   HOST_CC = None
[INFO] [stderr]   CC = None
[INFO] [stderr]   HOST = Some("x86_64-unknown-linux-gnu")
[INFO] [stderr]   TARGET = Some("x86_64-unknown-linux-gnu")
[INFO] [stderr]   HOST = Some("x86_64-unknown-linux-gnu")
[INFO] [stderr]   CFLAGS_x86_64-unknown-linux-gnu = None
[INFO] [stderr]   CFLAGS_x86_64_unknown_linux_gnu = None
[INFO] [stderr]   HOST_CFLAGS = None
[INFO] [stderr]   CFLAGS = None
[INFO] [stderr]   running: "cc" "-O0" "-ffunction-sections" "-fdata-sections" "-g" "-m64" "-fPIC" "-o" "/opt/rustwide/target/debug/build/tcod-sys-4845818be34fe940/out/libtcod/src/zlib/adler32.o" "-c" "libtcod/src/zlib/adler32.c"
[INFO] [stderr]   ExitStatus(ExitStatus(0))
[INFO] [stderr]   TARGET = Some("x86_64-unknown-linux-gnu")
[INFO] [stderr]   OPT_LEVEL = Some("0")
[INFO] [stderr]   PROFILE = Some("debug")
[INFO] [stderr]   TARGET = Some("x86_64-unknown-linux-gnu")
[INFO] [stderr]   debug=true opt-level=0
[INFO] [stderr]   HOST = Some("x86_64-unknown-linux-gnu")
[INFO] [stderr]   TARGET = Some("x86_64-unknown-linux-gnu")
[INFO] [stderr]   TARGET = Some("x86_64-unknown-linux-gnu")
[INFO] [stderr]   HOST = Some("x86_64-unknown-linux-gnu")
[INFO] [stderr]   CC_x86_64-unknown-linux-gnu = None
[INFO] [stderr]   CC_x86_64_unknown_linux_gnu = None
[INFO] [stderr]   HOST_CC = None
[INFO] [stderr]   CC = None
[INFO] [stderr]   HOST = Some("x86_64-unknown-linux-gnu")
[INFO] [stderr]   TARGET = Some("x86_64-unknown-linux-gnu")
[INFO] [stderr]   HOST = Some("x86_64-unknown-linux-gnu")
[INFO] [stderr]   CFLAGS_x86_64-unknown-linux-gnu = None
[INFO] [stderr]   CFLAGS_x86_64_unknown_linux_gnu = None
[INFO] [stderr]   HOST_CFLAGS = None
[INFO] [stderr]   CFLAGS = None
[INFO] [stderr]   running: "cc" "-O0" "-ffunction-sections" "-fdata-sections" "-g" "-m64" "-fPIC" "-o" "/opt/rustwide/target/debug/build/tcod-sys-4845818be34fe940/out/libtcod/src/zlib/crc32.o" "-c" "libtcod/src/zlib/crc32.c"
[INFO] [stderr]   ExitStatus(ExitStatus(0))
[INFO] [stderr]   TARGET = Some("x86_64-unknown-linux-gnu")
[INFO] [stderr]   OPT_LEVEL = Some("0")
[INFO] [stderr]   PROFILE = Some("debug")
[INFO] [stderr]   TARGET = Some("x86_64-unknown-linux-gnu")
[INFO] [stderr]   debug=true opt-level=0
[INFO] [stderr]   HOST = Some("x86_64-unknown-linux-gnu")
[INFO] [stderr]   TARGET = Some("x86_64-unknown-linux-gnu")
[INFO] [stderr]   TARGET = Some("x86_64-unknown-linux-gnu")
[INFO] [stderr]   HOST = Some("x86_64-unknown-linux-gnu")
[INFO] [stderr]   CC_x86_64-unknown-linux-gnu = None
[INFO] [stderr]   CC_x86_64_unknown_linux_gnu = None
[INFO] [stderr]   HOST_CC = None
[INFO] [stderr]   CC = None
[INFO] [stderr]   HOST = Some("x86_64-unknown-linux-gnu")
[INFO] [stderr]   TARGET = Some("x86_64-unknown-linux-gnu")
[INFO] [stderr]   HOST = Some("x86_64-unknown-linux-gnu")
[INFO] [stderr]   CFLAGS_x86_64-unknown-linux-gnu = None
[INFO] [stderr]   CFLAGS_x86_64_unknown_linux_gnu = None
[INFO] [stderr]   HOST_CFLAGS = None
[INFO] [stderr]   CFLAGS = None
[INFO] [stderr]   running: "cc" "-O0" "-ffunction-sections" "-fdata-sections" "-g" "-m64" "-fPIC" "-o" "/opt/rustwide/target/debug/build/tcod-sys-4845818be34fe940/out/libtcod/src/zlib/deflate.o" "-c" "libtcod/src/zlib/deflate.c"
[INFO] [stderr]   ExitStatus(ExitStatus(0))
[INFO] [stderr]   TARGET = Some("x86_64-unknown-linux-gnu")
[INFO] [stderr]   OPT_LEVEL = Some("0")
[INFO] [stderr]   PROFILE = Some("debug")
[INFO] [stderr]   TARGET = Some("x86_64-unknown-linux-gnu")
[INFO] [stderr]   debug=true opt-level=0
[INFO] [stderr]   HOST = Some("x86_64-unknown-linux-gnu")
[INFO] [stderr]   TARGET = Some("x86_64-unknown-linux-gnu")
[INFO] [stderr]   TARGET = Some("x86_64-unknown-linux-gnu")
[INFO] [stderr]   HOST = Some("x86_64-unknown-linux-gnu")
[INFO] [stderr]   CC_x86_64-unknown-linux-gnu = None
[INFO] [stderr]   CC_x86_64_unknown_linux_gnu = None
[INFO] [stderr]   HOST_CC = None
[INFO] [stderr]   CC = None
[INFO] [stderr]   HOST = Some("x86_64-unknown-linux-gnu")
[INFO] [stderr]   TARGET = Some("x86_64-unknown-linux-gnu")
[INFO] [stderr]   HOST = Some("x86_64-unknown-linux-gnu")
[INFO] [stderr]   CFLAGS_x86_64-unknown-linux-gnu = None
[INFO] [stderr]   CFLAGS_x86_64_unknown_linux_gnu = None
[INFO] [stderr]   HOST_CFLAGS = None
[INFO] [stderr]   CFLAGS = None
[INFO] [stderr]   running: "cc" "-O0" "-ffunction-sections" "-fdata-sections" "-g" "-m64" "-fPIC" "-o" "/opt/rustwide/target/debug/build/tcod-sys-4845818be34fe940/out/libtcod/src/zlib/infback.o" "-c" "libtcod/src/zlib/infback.c"
[INFO] [stderr]   ExitStatus(ExitStatus(0))
[INFO] [stderr]   TARGET = Some("x86_64-unknown-linux-gnu")
[INFO] [stderr]   OPT_LEVEL = Some("0")
[INFO] [stderr]   PROFILE = Some("debug")
[INFO] [stderr]   TARGET = Some("x86_64-unknown-linux-gnu")
[INFO] [stderr]   debug=true opt-level=0
[INFO] [stderr]   HOST = Some("x86_64-unknown-linux-gnu")
[INFO] [stderr]   TARGET = Some("x86_64-unknown-linux-gnu")
[INFO] [stderr]   TARGET = Some("x86_64-unknown-linux-gnu")
[INFO] [stderr]   HOST = Some("x86_64-unknown-linux-gnu")
[INFO] [stderr]   CC_x86_64-unknown-linux-gnu = None
[INFO] [stderr]   CC_x86_64_unknown_linux_gnu = None
[INFO] [stderr]   HOST_CC = None
[INFO] [stderr]   CC = None
[INFO] [stderr]   HOST = Some("x86_64-unknown-linux-gnu")
[INFO] [stderr]   TARGET = Some("x86_64-unknown-linux-gnu")
[INFO] [stderr]   HOST = Some("x86_64-unknown-linux-gnu")
[INFO] [stderr]   CFLAGS_x86_64-unknown-linux-gnu = None
[INFO] [stderr]   CFLAGS_x86_64_unknown_linux_gnu = None
[INFO] [stderr]   HOST_CFLAGS = None
[INFO] [stderr]   CFLAGS = None
[INFO] [stderr]   running: "cc" "-O0" "-ffunction-sections" "-fdata-sections" "-g" "-m64" "-fPIC" "-o" "/opt/rustwide/target/debug/build/tcod-sys-4845818be34fe940/out/libtcod/src/zlib/inffast.o" "-c" "libtcod/src/zlib/inffast.c"
[INFO] [stderr]   ExitStatus(ExitStatus(0))
[INFO] [stderr]   TARGET = Some("x86_64-unknown-linux-gnu")
[INFO] [stderr]   OPT_LEVEL = Some("0")
[INFO] [stderr]   PROFILE = Some("debug")
[INFO] [stderr]   TARGET = Some("x86_64-unknown-linux-gnu")
[INFO] [stderr]   debug=true opt-level=0
[INFO] [stderr]   HOST = Some("x86_64-unknown-linux-gnu")
[INFO] [stderr]   TARGET = Some("x86_64-unknown-linux-gnu")
[INFO] [stderr]   TARGET = Some("x86_64-unknown-linux-gnu")
[INFO] [stderr]   HOST = Some("x86_64-unknown-linux-gnu")
[INFO] [stderr]   CC_x86_64-unknown-linux-gnu = None
[INFO] [stderr]   CC_x86_64_unknown_linux_gnu = None
[INFO] [stderr]   HOST_CC = None
[INFO] [stderr]   CC = None
[INFO] [stderr]   HOST = Some("x86_64-unknown-linux-gnu")
[INFO] [stderr]   TARGET = Some("x86_64-unknown-linux-gnu")
[INFO] [stderr]   HOST = Some("x86_64-unknown-linux-gnu")
[INFO] [stderr]   CFLAGS_x86_64-unknown-linux-gnu = None
[INFO] [stderr]   CFLAGS_x86_64_unknown_linux_gnu = None
[INFO] [stderr]   HOST_CFLAGS = None
[INFO] [stderr]   CFLAGS = None
[INFO] [stderr]   running: "cc" "-O0" "-ffunction-sections" "-fdata-sections" "-g" "-m64" "-fPIC" "-o" "/opt/rustwide/target/debug/build/tcod-sys-4845818be34fe940/out/libtcod/src/zlib/inflate.o" "-c" "libtcod/src/zlib/inflate.c"
[INFO] [stderr]   ExitStatus(ExitStatus(0))
[INFO] [stderr]   TARGET = Some("x86_64-unknown-linux-gnu")
[INFO] [stderr]   OPT_LEVEL = Some("0")
[INFO] [stderr]   PROFILE = Some("debug")
[INFO] [stderr]   TARGET = Some("x86_64-unknown-linux-gnu")
[INFO] [stderr]   debug=true opt-level=0
[INFO] [stderr]   HOST = Some("x86_64-unknown-linux-gnu")
[INFO] [stderr]   TARGET = Some("x86_64-unknown-linux-gnu")
[INFO] [stderr]   TARGET = Some("x86_64-unknown-linux-gnu")
[INFO] [stderr]   HOST = Some("x86_64-unknown-linux-gnu")
[INFO] [stderr]   CC_x86_64-unknown-linux-gnu = None
[INFO] [stderr]   CC_x86_64_unknown_linux_gnu = None
[INFO] [stderr]   HOST_CC = None
[INFO] [stderr]   CC = None
[INFO] [stderr]   HOST = Some("x86_64-unknown-linux-gnu")
[INFO] [stderr]   TARGET = Some("x86_64-unknown-linux-gnu")
[INFO] [stderr]   HOST = Some("x86_64-unknown-linux-gnu")
[INFO] [stderr]   CFLAGS_x86_64-unknown-linux-gnu = None
[INFO] [stderr]   CFLAGS_x86_64_unknown_linux_gnu = None
[INFO] [stderr]   HOST_CFLAGS = None
[INFO] [stderr]   CFLAGS = None
[INFO] [stderr]   running: "cc" "-O0" "-ffunction-sections" "-fdata-sections" "-g" "-m64" "-fPIC" "-o" "/opt/rustwide/target/debug/build/tcod-sys-4845818be34fe940/out/libtcod/src/zlib/inftrees.o" "-c" "libtcod/src/zlib/inftrees.c"
[INFO] [stderr]   ExitStatus(ExitStatus(0))
[INFO] [stderr]   TARGET = Some("x86_64-unknown-linux-gnu")
[INFO] [stderr]   OPT_LEVEL = Some("0")
[INFO] [stderr]   PROFILE = Some("debug")
[INFO] [stderr]   TARGET = Some("x86_64-unknown-linux-gnu")
[INFO] [stderr]   debug=true opt-level=0
[INFO] [stderr]   HOST = Some("x86_64-unknown-linux-gnu")
[INFO] [stderr]   TARGET = Some("x86_64-unknown-linux-gnu")
[INFO] [stderr]   TARGET = Some("x86_64-unknown-linux-gnu")
[INFO] [stderr]   HOST = Some("x86_64-unknown-linux-gnu")
[INFO] [stderr]   CC_x86_64-unknown-linux-gnu = None
[INFO] [stderr]   CC_x86_64_unknown_linux_gnu = None
[INFO] [stderr]   HOST_CC = None
[INFO] [stderr]   CC = None
[INFO] [stderr]   HOST = Some("x86_64-unknown-linux-gnu")
[INFO] [stderr]   TARGET = Some("x86_64-unknown-linux-gnu")
[INFO] [stderr]   HOST = Some("x86_64-unknown-linux-gnu")
[INFO] [stderr]   CFLAGS_x86_64-unknown-linux-gnu = None
[INFO] [stderr]   CFLAGS_x86_64_unknown_linux_gnu = None
[INFO] [stderr]   HOST_CFLAGS = None
[INFO] [stderr]   CFLAGS = None
[INFO] [stderr]   running: "cc" "-O0" "-ffunction-sections" "-fdata-sections" "-g" "-m64" "-fPIC" "-o" "/opt/rustwide/target/debug/build/tcod-sys-4845818be34fe940/out/libtcod/src/zlib/trees.o" "-c" "libtcod/src/zlib/trees.c"
[INFO] [stderr]   ExitStatus(ExitStatus(0))
[INFO] [stderr]   TARGET = Some("x86_64-unknown-linux-gnu")
[INFO] [stderr]   OPT_LEVEL = Some("0")
[INFO] [stderr]   PROFILE = Some("debug")
[INFO] [stderr]   TARGET = Some("x86_64-unknown-linux-gnu")
[INFO] [stderr]   debug=true opt-level=0
[INFO] [stderr]   HOST = Some("x86_64-unknown-linux-gnu")
[INFO] [stderr]   TARGET = Some("x86_64-unknown-linux-gnu")
[INFO] [stderr]   TARGET = Some("x86_64-unknown-linux-gnu")
[INFO] [stderr]   HOST = Some("x86_64-unknown-linux-gnu")
[INFO] [stderr]   CC_x86_64-unknown-linux-gnu = None
[INFO] [stderr]   CC_x86_64_unknown_linux_gnu = None
[INFO] [stderr]   HOST_CC = None
[INFO] [stderr]   CC = None
[INFO] [stderr]   HOST = Some("x86_64-unknown-linux-gnu")
[INFO] [stderr]   TARGET = Some("x86_64-unknown-linux-gnu")
[INFO] [stderr]   HOST = Some("x86_64-unknown-linux-gnu")
[INFO] [stderr]   CFLAGS_x86_64-unknown-linux-gnu = None
[INFO] [stderr]   CFLAGS_x86_64_unknown_linux_gnu = None
[INFO] [stderr]   HOST_CFLAGS = None
[INFO] [stderr]   CFLAGS = None
[INFO] [stderr]   running: "cc" "-O0" "-ffunction-sections" "-fdata-sections" "-g" "-m64" "-fPIC" "-o" "/opt/rustwide/target/debug/build/tcod-sys-4845818be34fe940/out/libtcod/src/zlib/zutil.o" "-c" "libtcod/src/zlib/zutil.c"
[INFO] [stderr]   ExitStatus(ExitStatus(0))
[INFO] [stderr]   TARGET = Some("x86_64-unknown-linux-gnu")
[INFO] [stderr]   OPT_LEVEL = Some("0")
[INFO] [stderr]   PROFILE = Some("debug")
[INFO] [stderr]   TARGET = Some("x86_64-unknown-linux-gnu")
[INFO] [stderr]   debug=true opt-level=0
[INFO] [stderr]   HOST = Some("x86_64-unknown-linux-gnu")
[INFO] [stderr]   TARGET = Some("x86_64-unknown-linux-gnu")
[INFO] [stderr]   TARGET = Some("x86_64-unknown-linux-gnu")
[INFO] [stderr]   HOST = Some("x86_64-unknown-linux-gnu")
[INFO] [stderr]   CC_x86_64-unknown-linux-gnu = None
[INFO] [stderr]   CC_x86_64_unknown_linux_gnu = None
[INFO] [stderr]   HOST_CC = None
[INFO] [stderr]   CC = None
[INFO] [stderr]   HOST = Some("x86_64-unknown-linux-gnu")
[INFO] [stderr]   TARGET = Some("x86_64-unknown-linux-gnu")
[INFO] [stderr]   HOST = Some("x86_64-unknown-linux-gnu")
[INFO] [stderr]   CFLAGS_x86_64-unknown-linux-gnu = None
[INFO] [stderr]   CFLAGS_x86_64_unknown_linux_gnu = None
[INFO] [stderr]   HOST_CFLAGS = None
[INFO] [stderr]   CFLAGS = None
[INFO] [stderr]   running: "cc" "-O0" "-ffunction-sections" "-fdata-sections" "-g" "-m64" "-fPIC" "-o" "/opt/rustwide/target/debug/build/tcod-sys-4845818be34fe940/out/libtcod/src/zlib/compress.o" "-c" "libtcod/src/zlib/compress.c"
[INFO] [stderr]   ExitStatus(ExitStatus(0))
[INFO] [stderr]   TARGET = Some("x86_64-unknown-linux-gnu")
[INFO] [stderr]   OPT_LEVEL = Some("0")
[INFO] [stderr]   PROFILE = Some("debug")
[INFO] [stderr]   TARGET = Some("x86_64-unknown-linux-gnu")
[INFO] [stderr]   debug=true opt-level=0
[INFO] [stderr]   HOST = Some("x86_64-unknown-linux-gnu")
[INFO] [stderr]   TARGET = Some("x86_64-unknown-linux-gnu")
[INFO] [stderr]   TARGET = Some("x86_64-unknown-linux-gnu")
[INFO] [stderr]   HOST = Some("x86_64-unknown-linux-gnu")
[INFO] [stderr]   CC_x86_64-unknown-linux-gnu = None
[INFO] [stderr]   CC_x86_64_unknown_linux_gnu = None
[INFO] [stderr]   HOST_CC = None
[INFO] [stderr]   CC = None
[INFO] [stderr]   HOST = Some("x86_64-unknown-linux-gnu")
[INFO] [stderr]   TARGET = Some("x86_64-unknown-linux-gnu")
[INFO] [stderr]   HOST = Some("x86_64-unknown-linux-gnu")
[INFO] [stderr]   CFLAGS_x86_64-unknown-linux-gnu = None
[INFO] [stderr]   CFLAGS_x86_64_unknown_linux_gnu = None
[INFO] [stderr]   HOST_CFLAGS = None
[INFO] [stderr]   CFLAGS = None
[INFO] [stderr]   running: "cc" "-O0" "-ffunction-sections" "-fdata-sections" "-g" "-m64" "-fPIC" "-o" "/opt/rustwide/target/debug/build/tcod-sys-4845818be34fe940/out/libtcod/src/zlib/uncompr.o" "-c" "libtcod/src/zlib/uncompr.c"
[INFO] [stderr]   ExitStatus(ExitStatus(0))
[INFO] [stderr]   TARGET = Some("x86_64-unknown-linux-gnu")
[INFO] [stderr]   OPT_LEVEL = Some("0")
[INFO] [stderr]   PROFILE = Some("debug")
[INFO] [stderr]   TARGET = Some("x86_64-unknown-linux-gnu")
[INFO] [stderr]   debug=true opt-level=0
[INFO] [stderr]   HOST = Some("x86_64-unknown-linux-gnu")
[INFO] [stderr]   TARGET = Some("x86_64-unknown-linux-gnu")
[INFO] [stderr]   TARGET = Some("x86_64-unknown-linux-gnu")
[INFO] [stderr]   HOST = Some("x86_64-unknown-linux-gnu")
[INFO] [stderr]   CC_x86_64-unknown-linux-gnu = None
[INFO] [stderr]   CC_x86_64_unknown_linux_gnu = None
[INFO] [stderr]   HOST_CC = None
[INFO] [stderr]   CC = None
[INFO] [stderr]   HOST = Some("x86_64-unknown-linux-gnu")
[INFO] [stderr]   TARGET = Some("x86_64-unknown-linux-gnu")
[INFO] [stderr]   HOST = Some("x86_64-unknown-linux-gnu")
[INFO] [stderr]   CFLAGS_x86_64-unknown-linux-gnu = None
[INFO] [stderr]   CFLAGS_x86_64_unknown_linux_gnu = None
[INFO] [stderr]   HOST_CFLAGS = None
[INFO] [stderr]   CFLAGS = None
[INFO] [stderr]   running: "cc" "-O0" "-ffunction-sections" "-fdata-sections" "-g" "-m64" "-fPIC" "-o" "/opt/rustwide/target/debug/build/tcod-sys-4845818be34fe940/out/libtcod/src/zlib/gzclose.o" "-c" "libtcod/src/zlib/gzclose.c"
[INFO] [stderr]   ExitStatus(ExitStatus(0))
[INFO] [stderr]   TARGET = Some("x86_64-unknown-linux-gnu")
[INFO] [stderr]   OPT_LEVEL = Some("0")
[INFO] [stderr]   PROFILE = Some("debug")
[INFO] [stderr]   TARGET = Some("x86_64-unknown-linux-gnu")
[INFO] [stderr]   debug=true opt-level=0
[INFO] [stderr]   HOST = Some("x86_64-unknown-linux-gnu")
[INFO] [stderr]   TARGET = Some("x86_64-unknown-linux-gnu")
[INFO] [stderr]   TARGET = Some("x86_64-unknown-linux-gnu")
[INFO] [stderr]   HOST = Some("x86_64-unknown-linux-gnu")
[INFO] [stderr]   CC_x86_64-unknown-linux-gnu = None
[INFO] [stderr]   CC_x86_64_unknown_linux_gnu = None
[INFO] [stderr]   HOST_CC = None
[INFO] [stderr]   CC = None
[INFO] [stderr]   HOST = Some("x86_64-unknown-linux-gnu")
[INFO] [stderr]   TARGET = Some("x86_64-unknown-linux-gnu")
[INFO] [stderr]   HOST = Some("x86_64-unknown-linux-gnu")
[INFO] [stderr]   CFLAGS_x86_64-unknown-linux-gnu = None
[INFO] [stderr]   CFLAGS_x86_64_unknown_linux_gnu = None
[INFO] [stderr]   HOST_CFLAGS = None
[INFO] [stderr]   CFLAGS = None
[INFO] [stderr]   running: "cc" "-O0" "-ffunction-sections" "-fdata-sections" "-g" "-m64" "-fPIC" "-o" "/opt/rustwide/target/debug/build/tcod-sys-4845818be34fe940/out/libtcod/src/zlib/gzlib.o" "-c" "libtcod/src/zlib/gzlib.c"
[INFO] [stderr]   cargo:warning=libtcod/src/zlib/gzlib.c: In function 'gz_open':
[INFO] [stderr]   cargo:warning=libtcod/src/zlib/gzlib.c:14:17: warning: implicit declaration of function 'lseek'; did you mean 'fseek'? [-Wimplicit-function-declaration]
[INFO] [stderr]   cargo:warning=   14 | #  define LSEEK lseek
[INFO] [stderr]   cargo:warning=      |                 ^~~~~
[INFO] [stderr]   cargo:warning=libtcod/src/zlib/gzlib.c:250:24: note: in expansion of macro 'LSEEK'
[INFO] [stderr]   cargo:warning=  250 |         state->start = LSEEK(state->fd, 0, SEEK_CUR);
[INFO] [stderr]   cargo:warning=      |                        ^~~~~
[INFO] [stderr]   ExitStatus(ExitStatus(0))
[INFO] [stderr]   TARGET = Some("x86_64-unknown-linux-gnu")
[INFO] [stderr]   OPT_LEVEL = Some("0")
[INFO] [stderr]   PROFILE = Some("debug")
[INFO] [stderr]   TARGET = Some("x86_64-unknown-linux-gnu")
[INFO] [stderr]   debug=true opt-level=0
[INFO] [stderr]   HOST = Some("x86_64-unknown-linux-gnu")
[INFO] [stderr]   TARGET = Some("x86_64-unknown-linux-gnu")
[INFO] [stderr]   TARGET = Some("x86_64-unknown-linux-gnu")
[INFO] [stderr]   HOST = Some("x86_64-unknown-linux-gnu")
[INFO] [stderr]   CC_x86_64-unknown-linux-gnu = None
[INFO] [stderr]   CC_x86_64_unknown_linux_gnu = None
[INFO] [stderr]   HOST_CC = None
[INFO] [stderr]   CC = None
[INFO] [stderr]   HOST = Some("x86_64-unknown-linux-gnu")
[INFO] [stderr]   TARGET = Some("x86_64-unknown-linux-gnu")
[INFO] [stderr]   HOST = Some("x86_64-unknown-linux-gnu")
[INFO] [stderr]   CFLAGS_x86_64-unknown-linux-gnu = None
[INFO] [stderr]   CFLAGS_x86_64_unknown_linux_gnu = None
[INFO] [stderr]   HOST_CFLAGS = None
[INFO] [stderr]   CFLAGS = None
[INFO] [stderr]   running: "cc" "-O0" "-ffunction-sections" "-fdata-sections" "-g" "-m64" "-fPIC" "-o" "/opt/rustwide/target/debug/build/tcod-sys-4845818be34fe940/out/libtcod/src/zlib/gzread.o" "-c" "libtcod/src/zlib/gzread.c"
[INFO] [stderr]   cargo:warning=libtcod/src/zlib/gzread.c: In function 'gz_load':
[INFO] [stderr]   cargo:warning=libtcod/src/zlib/gzread.c:30:15: warning: implicit declaration of function 'read'; did you mean 'fread'? [-Wimplicit-function-declaration]
[INFO] [stderr]   cargo:warning=   30 |         ret = read(state->fd, buf + *have, len - *have);
[INFO] [stderr]   cargo:warning=      |               ^~~~
[INFO] [stderr]   cargo:warning=      |               fread
[INFO] [stderr]   cargo:warning=libtcod/src/zlib/gzread.c: In function 'gzclose_r':
[INFO] [stderr]   cargo:warning=libtcod/src/zlib/gzread.c:586:11: warning: implicit declaration of function 'close'; did you mean 'pclose'? [-Wimplicit-function-declaration]
[INFO] [stderr]   cargo:warning=  586 |     ret = close(state->fd);
[INFO] [stderr]   cargo:warning=      |           ^~~~~
[INFO] [stderr]   cargo:warning=      |           pclose
[INFO] [stderr]   ExitStatus(ExitStatus(0))
[INFO] [stderr]   TARGET = Some("x86_64-unknown-linux-gnu")
[INFO] [stderr]   OPT_LEVEL = Some("0")
[INFO] [stderr]   PROFILE = Some("debug")
[INFO] [stderr]   TARGET = Some("x86_64-unknown-linux-gnu")
[INFO] [stderr]   debug=true opt-level=0
[INFO] [stderr]   HOST = Some("x86_64-unknown-linux-gnu")
[INFO] [stderr]   TARGET = Some("x86_64-unknown-linux-gnu")
[INFO] [stderr]   TARGET = Some("x86_64-unknown-linux-gnu")
[INFO] [stderr]   HOST = Some("x86_64-unknown-linux-gnu")
[INFO] [stderr]   CC_x86_64-unknown-linux-gnu = None
[INFO] [stderr]   CC_x86_64_unknown_linux_gnu = None
[INFO] [stderr]   HOST_CC = None
[INFO] [stderr]   CC = None
[INFO] [stderr]   HOST = Some("x86_64-unknown-linux-gnu")
[INFO] [stderr]   TARGET = Some("x86_64-unknown-linux-gnu")
[INFO] [stderr]   HOST = Some("x86_64-unknown-linux-gnu")
[INFO] [stderr]   CFLAGS_x86_64-unknown-linux-gnu = None
[INFO] [stderr]   CFLAGS_x86_64_unknown_linux_gnu = None
[INFO] [stderr]   HOST_CFLAGS = None
[INFO] [stderr]   CFLAGS = None
[INFO] [stderr]   running: "cc" "-O0" "-ffunction-sections" "-fdata-sections" "-g" "-m64" "-fPIC" "-o" "/opt/rustwide/target/debug/build/tcod-sys-4845818be34fe940/out/libtcod/src/zlib/gzwrite.o" "-c" "libtcod/src/zlib/gzwrite.c"
[INFO] [stderr]   cargo:warning=libtcod/src/zlib/gzwrite.c: In function 'gz_comp':
[INFO] [stderr]   cargo:warning=libtcod/src/zlib/gzwrite.c:84:15: warning: implicit declaration of function 'write'; did you mean 'fwrite'? [-Wimplicit-function-declaration]
[INFO] [stderr]   cargo:warning=   84 |         got = write(state->fd, strm->next_in, strm->avail_in);
[INFO] [stderr]   cargo:warning=      |               ^~~~~
[INFO] [stderr]   cargo:warning=      |               fwrite
[INFO] [stderr]   cargo:warning=libtcod/src/zlib/gzwrite.c: In function 'gzclose_w':
[INFO] [stderr]   cargo:warning=libtcod/src/zlib/gzwrite.c:561:9: warning: implicit declaration of function 'close'; did you mean 'pclose'? [-Wimplicit-function-declaration]
[INFO] [stderr]   cargo:warning=  561 |     if (close(state->fd) == -1)
[INFO] [stderr]   cargo:warning=      |         ^~~~~
[INFO] [stderr]   cargo:warning=      |         pclose
[INFO] [stderr]   ExitStatus(ExitStatus(0))
[INFO] [stderr]   TARGET = Some("x86_64-unknown-linux-gnu")
[INFO] [stderr]   TARGET = Some("x86_64-unknown-linux-gnu")
[INFO] [stderr]   HOST = Some("x86_64-unknown-linux-gnu")
[INFO] [stderr]   AR_x86_64-unknown-linux-gnu = None
[INFO] [stderr]   AR_x86_64_unknown_linux_gnu = None
[INFO] [stderr]   HOST_AR = None
[INFO] [stderr]   AR = None
[INFO] [stderr]   TARGET = Some("x86_64-unknown-linux-gnu")
[INFO] [stderr]   running: "ar" "crus" "/opt/rustwide/target/debug/build/tcod-sys-4845818be34fe940/out/libz.a" "/opt/rustwide/target/debug/build/tcod-sys-4845818be34fe940/out/libtcod/src/zlib/adler32.o" "/opt/rustwide/target/debug/build/tcod-sys-4845818be34fe940/out/libtcod/src/zlib/crc32.o" "/opt/rustwide/target/debug/build/tcod-sys-4845818be34fe940/out/libtcod/src/zlib/deflate.o" "/opt/rustwide/target/debug/build/tcod-sys-4845818be34fe940/out/libtcod/src/zlib/infback.o" "/opt/rustwide/target/debug/build/tcod-sys-4845818be34fe940/out/libtcod/src/zlib/inffast.o" "/opt/rustwide/target/debug/build/tcod-sys-4845818be34fe940/out/libtcod/src/zlib/inflate.o" "/opt/rustwide/target/debug/build/tcod-sys-4845818be34fe940/out/libtcod/src/zlib/inftrees.o" "/opt/rustwide/target/debug/build/tcod-sys-4845818be34fe940/out/libtcod/src/zlib/trees.o" "/opt/rustwide/target/debug/build/tcod-sys-4845818be34fe940/out/libtcod/src/zlib/zutil.o" "/opt/rustwide/target/debug/build/tcod-sys-4845818be34fe940/out/libtcod/src/zlib/compress.o" "/opt/rustwide/target/debug/build/tcod-sys-4845818be34fe940/out/libtcod/src/zlib/uncompr.o" "/opt/rustwide/target/debug/build/tcod-sys-4845818be34fe940/out/libtcod/src/zlib/gzclose.o" "/opt/rustwide/target/debug/build/tcod-sys-4845818be34fe940/out/libtcod/src/zlib/gzlib.o" "/opt/rustwide/target/debug/build/tcod-sys-4845818be34fe940/out/libtcod/src/zlib/gzread.o" "/opt/rustwide/target/debug/build/tcod-sys-4845818be34fe940/out/libtcod/src/zlib/gzwrite.o"
[INFO] [stderr]   cargo:warning=ar: `u' modifier ignored since `D' is the default (see `U')
[INFO] [stderr]   ExitStatus(ExitStatus(0))
[INFO] [stderr]   cargo:rustc-link-lib=static=z
[INFO] [stderr]   cargo:rustc-link-search=native=/opt/rustwide/target/debug/build/tcod-sys-4845818be34fe940/out
[INFO] [stderr]   running: "cc" "-O0" "-ffunction-sections" "-fdata-sections" "-g" "-m64" "-fPIC" "-I" "libtcod/include" "-I" "libtcod/src/zlib" "-fno-strict-aliasing" "-ansi" "-o" "/opt/rustwide/target/debug/build/tcod-sys-4845818be34fe940/out/libtcod/src/bresenham_c.o" "-c" "libtcod/src/bresenham_c.c"
[INFO] [stderr]   ExitStatus(ExitStatus(0))
[INFO] [stderr]   running: "cc" "-O0" "-ffunction-sections" "-fdata-sections" "-g" "-m64" "-fPIC" "-I" "libtcod/include" "-I" "libtcod/src/zlib" "-fno-strict-aliasing" "-ansi" "-o" "/opt/rustwide/target/debug/build/tcod-sys-4845818be34fe940/out/libtcod/src/bsp_c.o" "-c" "libtcod/src/bsp_c.c"
[INFO] [stderr]   ExitStatus(ExitStatus(0))
[INFO] [stderr]   running: "cc" "-O0" "-ffunction-sections" "-fdata-sections" "-g" "-m64" "-fPIC" "-I" "libtcod/include" "-I" "libtcod/src/zlib" "-fno-strict-aliasing" "-ansi" "-o" "/opt/rustwide/target/debug/build/tcod-sys-4845818be34fe940/out/libtcod/src/color_c.o" "-c" "libtcod/src/color_c.c"
[INFO] [stderr]   ExitStatus(ExitStatus(0))
[INFO] [stderr]   running: "cc" "-O0" "-ffunction-sections" "-fdata-sections" "-g" "-m64" "-fPIC" "-I" "libtcod/include" "-I" "libtcod/src/zlib" "-fno-strict-aliasing" "-ansi" "-o" "/opt/rustwide/target/debug/build/tcod-sys-4845818be34fe940/out/libtcod/src/console_c.o" "-c" "libtcod/src/console_c.c"
[INFO] [stderr]   ExitStatus(ExitStatus(0))
[INFO] [stderr]   running: "cc" "-O0" "-ffunction-sections" "-fdata-sections" "-g" "-m64" "-fPIC" "-I" "libtcod/include" "-I" "libtcod/src/zlib" "-fno-strict-aliasing" "-ansi" "-o" "/opt/rustwide/target/debug/build/tcod-sys-4845818be34fe940/out/libtcod/src/fov_c.o" "-c" "libtcod/src/fov_c.c"
[INFO] [stderr]   ExitStatus(ExitStatus(0))
[INFO] [stderr]   running: "cc" "-O0" "-ffunction-sections" "-fdata-sections" "-g" "-m64" "-fPIC" "-I" "libtcod/include" "-I" "libtcod/src/zlib" "-fno-strict-aliasing" "-ansi" "-o" "/opt/rustwide/target/debug/build/tcod-sys-4845818be34fe940/out/libtcod/src/fov_circular_raycasting.o" "-c" "libtcod/src/fov_circular_raycasting.c"
[INFO] [stderr]   ExitStatus(ExitStatus(0))
[INFO] [stderr]   running: "cc" "-O0" "-ffunction-sections" "-fdata-sections" "-g" "-m64" "-fPIC" "-I" "libtcod/include" "-I" "libtcod/src/zlib" "-fno-strict-aliasing" "-ansi" "-o" "/opt/rustwide/target/debug/build/tcod-sys-4845818be34fe940/out/libtcod/src/fov_diamond_raycasting.o" "-c" "libtcod/src/fov_diamond_raycasting.c"
[INFO] [stderr]   ExitStatus(ExitStatus(0))
[INFO] [stderr]   running: "cc" "-O0" "-ffunction-sections" "-fdata-sections" "-g" "-m64" "-fPIC" "-I" "libtcod/include" "-I" "libtcod/src/zlib" "-fno-strict-aliasing" "-ansi" "-o" "/opt/rustwide/target/debug/build/tcod-sys-4845818be34fe940/out/libtcod/src/fov_recursive_shadowcasting.o" "-c" "libtcod/src/fov_recursive_shadowcasting.c"
[INFO] [stderr]   ExitStatus(ExitStatus(0))
[INFO] [stderr]   running: "cc" "-O0" "-ffunction-sections" "-fdata-sections" "-g" "-m64" "-fPIC" "-I" "libtcod/include" "-I" "libtcod/src/zlib" "-fno-strict-aliasing" "-ansi" "-o" "/opt/rustwide/target/debug/build/tcod-sys-4845818be34fe940/out/libtcod/src/fov_permissive2.o" "-c" "libtcod/src/fov_permissive2.c"
[INFO] [stderr]   ExitStatus(ExitStatus(0))
[INFO] [stderr]   running: "cc" "-O0" "-ffunction-sections" "-fdata-sections" "-g" "-m64" "-fPIC" "-I" "libtcod/include" "-I" "libtcod/src/zlib" "-fno-strict-aliasing" "-ansi" "-o" "/opt/rustwide/target/debug/build/tcod-sys-4845818be34fe940/out/libtcod/src/fov_restrictive.o" "-c" "libtcod/src/fov_restrictive.c"
[INFO] [stderr]   ExitStatus(ExitStatus(0))
[INFO] [stderr]   running: "cc" "-O0" "-ffunction-sections" "-fdata-sections" "-g" "-m64" "-fPIC" "-I" "libtcod/include" "-I" "libtcod/src/zlib" "-fno-strict-aliasing" "-ansi" "-o" "/opt/rustwide/target/debug/build/tcod-sys-4845818be34fe940/out/libtcod/src/heightmap_c.o" "-c" "libtcod/src/heightmap_c.c"
[INFO] [stderr]   ExitStatus(ExitStatus(0))
[INFO] [stderr]   running: "cc" "-O0" "-ffunction-sections" "-fdata-sections" "-g" "-m64" "-fPIC" "-I" "libtcod/include" "-I" "libtcod/src/zlib" "-fno-strict-aliasing" "-ansi" "-o" "/opt/rustwide/target/debug/build/tcod-sys-4845818be34fe940/out/libtcod/src/image_c.o" "-c" "libtcod/src/image_c.c"
[INFO] [stderr]   ExitStatus(ExitStatus(0))
[INFO] [stderr]   running: "cc" "-O0" "-ffunction-sections" "-fdata-sections" "-g" "-m64" "-fPIC" "-I" "libtcod/include" "-I" "libtcod/src/zlib" "-fno-strict-aliasing" "-ansi" "-o" "/opt/rustwide/target/debug/build/tcod-sys-4845818be34fe940/out/libtcod/src/lex_c.o" "-c" "libtcod/src/lex_c.c"
[INFO] [stderr]   ExitStatus(ExitStatus(0))
[INFO] [stderr]   running: "cc" "-O0" "-ffunction-sections" "-fdata-sections" "-g" "-m64" "-fPIC" "-I" "libtcod/include" "-I" "libtcod/src/zlib" "-fno-strict-aliasing" "-ansi" "-o" "/opt/rustwide/target/debug/build/tcod-sys-4845818be34fe940/out/libtcod/src/list_c.o" "-c" "libtcod/src/list_c.c"
[INFO] [stderr]   ExitStatus(ExitStatus(0))
[INFO] [stderr]   running: "cc" "-O0" "-ffunction-sections" "-fdata-sections" "-g" "-m64" "-fPIC" "-I" "libtcod/include" "-I" "libtcod/src/zlib" "-fno-strict-aliasing" "-ansi" "-o" "/opt/rustwide/target/debug/build/tcod-sys-4845818be34fe940/out/libtcod/src/mersenne_c.o" "-c" "libtcod/src/mersenne_c.c"
[INFO] [stderr]   ExitStatus(ExitStatus(0))
[INFO] [stderr]   running: "cc" "-O0" "-ffunction-sections" "-fdata-sections" "-g" "-m64" "-fPIC" "-I" "libtcod/include" "-I" "libtcod/src/zlib" "-fno-strict-aliasing" "-ansi" "-o" "/opt/rustwide/target/debug/build/tcod-sys-4845818be34fe940/out/libtcod/src/noise_c.o" "-c" "libtcod/src/noise_c.c"
[INFO] [stderr]   ExitStatus(ExitStatus(0))
[INFO] [stderr]   running: "cc" "-O0" "-ffunction-sections" "-fdata-sections" "-g" "-m64" "-fPIC" "-I" "libtcod/include" "-I" "libtcod/src/zlib" "-fno-strict-aliasing" "-ansi" "-o" "/opt/rustwide/target/debug/build/tcod-sys-4845818be34fe940/out/libtcod/src/parser_c.o" "-c" "libtcod/src/parser_c.c"
[INFO] [stderr]   cargo:warning=libtcod/src/parser_c.c: In function 'TCOD_parser_error':
[INFO] [stderr]   cargo:warning=libtcod/src/parser_c.c:89:38: warning: '%s' directive writing up to 2047 bytes into a region of size 2029 [-Wformat-overflow=]
[INFO] [stderr]   cargo:warning=   89 |  sprintf(buf2,"error in %s line %d : %s",lex->filename,lex->file_line,buf);
[INFO] [stderr]   cargo:warning=      |                                      ^~                               ~~~
[INFO] [stderr]   cargo:warning=libtcod/src/parser_c.c:89:2: note: 'sprintf' output 20 or more bytes (assuming 2067) into a destination of size 2048
[INFO] [stderr]   cargo:warning=   89 |  sprintf(buf2,"error in %s line %d : %s",lex->filename,lex->file_line,buf);
[INFO] [stderr]   cargo:warning=      |  ^~~~~~~~~~~~~~~~~~~~~~~~~~~~~~~~~~~~~~~~~~~~~~~~~~~~~~~~~~~~~~~~~~~~~~~~~
[INFO] [stderr]   cargo:warning=libtcod/src/parser_c.c: In function 'default_new_flag':
[INFO] [stderr]   cargo:warning=libtcod/src/parser_c.c:781:20: warning: 'sprintf' may write a terminating nul past the end of the destination [-Wformat-overflow=]
[INFO] [stderr]   cargo:warning=  781 |  sprintf(tmp,"%s.%s",cur_prop_name,name);
[INFO] [stderr]   cargo:warning=      |                    ^
[INFO] [stderr]   cargo:warning=libtcod/src/parser_c.c:781:2: note: 'sprintf' output 2 or more bytes (assuming 513) into a destination of size 512
[INFO] [stderr]   cargo:warning=  781 |  sprintf(tmp,"%s.%s",cur_prop_name,name);
[INFO] [stderr]   cargo:warning=      |  ^~~~~~~~~~~~~~~~~~~~~~~~~~~~~~~~~~~~~~~
[INFO] [stderr]   cargo:warning=libtcod/src/parser_c.c: In function 'default_new_property':
[INFO] [stderr]   cargo:warning=libtcod/src/parser_c.c:792:20: warning: 'sprintf' may write a terminating nul past the end of the destination [-Wformat-overflow=]
[INFO] [stderr]   cargo:warning=  792 |  sprintf(tmp,"%s.%s",cur_prop_name,propname);
[INFO] [stderr]   cargo:warning=      |                    ^
[INFO] [stderr]   cargo:warning=libtcod/src/parser_c.c:792:2: note: 'sprintf' output 2 or more bytes (assuming 513) into a destination of size 512
[INFO] [stderr]   cargo:warning=  792 |  sprintf(tmp,"%s.%s",cur_prop_name,propname);
[INFO] [stderr]   cargo:warning=      |  ^~~~~~~~~~~~~~~~~~~~~~~~~~~~~~~~~~~~~~~~~~~
[INFO] [stderr]   ExitStatus(ExitStatus(0))
[INFO] [stderr]   running: "cc" "-O0" "-ffunction-sections" "-fdata-sections" "-g" "-m64" "-fPIC" "-I" "libtcod/include" "-I" "libtcod/src/zlib" "-fno-strict-aliasing" "-ansi" "-o" "/opt/rustwide/target/debug/build/tcod-sys-4845818be34fe940/out/libtcod/src/path_c.o" "-c" "libtcod/src/path_c.c"
[INFO] [stderr]   ExitStatus(ExitStatus(0))
[INFO] [stderr]   running: "cc" "-O0" "-ffunction-sections" "-fdata-sections" "-g" "-m64" "-fPIC" "-I" "libtcod/include" "-I" "libtcod/src/zlib" "-fno-strict-aliasing" "-ansi" "-o" "/opt/rustwide/target/debug/build/tcod-sys-4845818be34fe940/out/libtcod/src/sys_c.o" "-c" "libtcod/src/sys_c.c"
[INFO] [stderr]   cargo:warning=libtcod/src/sys_c.c: In function 'TCOD_sys_get_directory_content':
[INFO] [stderr]   cargo:warning=libtcod/src/sys_c.c:159:25: warning: passing argument 2 of 'TCOD_list_push' makes pointer from integer without a cast [-Wint-conversion]
[INFO] [stderr]   cargo:warning=  159 |     TCOD_list_push(list,strdup(dirent->d_name));
[INFO] [stderr]   cargo:warning=      |                         ^~~~~~~~~~~~~~~~~~~~~~
[INFO] [stderr]   cargo:warning=      |                         |
[INFO] [stderr]   cargo:warning=      |                         int
[INFO] [stderr]   cargo:warning=In file included from libtcod/include/libtcod.h:178,
[INFO] [stderr]   cargo:warning=                 from libtcod/src/sys_c.c:41:
[INFO] [stderr]   cargo:warning=libtcod/include/list.h:37:61: note: expected 'const void *' but argument is of type 'int'
[INFO] [stderr]   cargo:warning=   37 | TCODLIB_API void TCOD_list_push(TCOD_list_t l, const void * elt);
[INFO] [stderr]   cargo:warning=      |                                                ~~~~~~~~~~~~~^~~
[INFO] [stderr]   cargo:warning=libtcod/src/sys_c.c: In function 'TCOD_sys_clipboard_get':
[INFO] [stderr]   cargo:warning=libtcod/src/sys_c.c:645:12: warning: initialization of 'char *' from 'int' makes pointer from integer without a cast [-Wint-conversion]
[INFO] [stderr]   cargo:warning=  645 |  char *ret=strdup(xbuf);
[INFO] [stderr]   cargo:warning=      |            ^~~~~~
[INFO] [stderr]   ExitStatus(ExitStatus(0))
[INFO] [stderr]   running: "cc" "-O0" "-ffunction-sections" "-fdata-sections" "-g" "-m64" "-fPIC" "-I" "libtcod/include" "-I" "libtcod/src/zlib" "-fno-strict-aliasing" "-ansi" "-o" "/opt/rustwide/target/debug/build/tcod-sys-4845818be34fe940/out/libtcod/src/sys_opengl_c.o" "-c" "libtcod/src/sys_opengl_c.c"
[INFO] [stderr]   cargo:warning=libtcod/src/sys_opengl_c.c:35:10: fatal error: SDL/SDL.h: No such file or directory
[INFO] [stderr]   cargo:warning=   35 | #include <SDL/SDL.h>
[INFO] [stderr]   cargo:warning=      |          ^~~~~~~~~~~
[INFO] [stderr]   cargo:warning=compilation terminated.
[INFO] [stderr]   ExitStatus(ExitStatus(256))
[INFO] [stderr] 
[INFO] [stderr] 
[INFO] [stderr]   command did not execute successfully, got: exit code: 1
[INFO] [stderr] 
[INFO] [stderr] 
[INFO] [stderr] 
[INFO] [stderr]   --- stderr
[INFO] [stderr]   thread 'main' panicked at 'explicit panic', /opt/rustwide/cargo-home/registry/src/github.com-1ecc6299db9ec823/gcc-0.3.35/src/lib.rs:897:5
[INFO] [stderr]   stack backtrace:
[INFO] [stderr]      0:     0x5649c4adcac5 - backtrace::backtrace::libunwind::trace::h5e2646fa3eddf2ea
[INFO] [stderr]                                  at /cargo/registry/src/github.com-1ecc6299db9ec823/backtrace-0.3.46/src/backtrace/libunwind.rs:86
[INFO] [stderr]      1:     0x5649c4adcac5 - backtrace::backtrace::trace_unsynchronized::hb95dd7f77ce47877
[INFO] [stderr]                                  at /cargo/registry/src/github.com-1ecc6299db9ec823/backtrace-0.3.46/src/backtrace/mod.rs:66
[INFO] [stderr]      2:     0x5649c4adcac5 - std::sys_common::backtrace::_print_fmt::h5e71b67af43fd70d
[INFO] [stderr]                                  at src/libstd/sys_common/backtrace.rs:78
[INFO] [stderr]      3:     0x5649c4adcac5 - <std::sys_common::backtrace::_print::DisplayBacktrace as core::fmt::Display>::fmt::hdb4a83d2b61107e5
[INFO] [stderr]                                  at src/libstd/sys_common/backtrace.rs:59
[INFO] [stderr]      4:     0x5649c4b00adc - core::fmt::write::ha20e7262fa3e8a7a
[INFO] [stderr]                                  at src/libcore/fmt/mod.rs:1076
[INFO] [stderr]      5:     0x5649c4ad9012 - std::io::Write::write_fmt::h1aebfe8a5a79e36d
[INFO] [stderr]                                  at src/libstd/io/mod.rs:1537
[INFO] [stderr]      6:     0x5649c4adf080 - std::sys_common::backtrace::_print::h9c07314cc66ba539
[INFO] [stderr]                                  at src/libstd/sys_common/backtrace.rs:62
[INFO] [stderr]      7:     0x5649c4adf080 - std::sys_common::backtrace::print::hd1fd65f49a2d8544
[INFO] [stderr]                                  at src/libstd/sys_common/backtrace.rs:49
[INFO] [stderr]      8:     0x5649c4adf080 - std::panicking::default_hook::{{closure}}::h222da46485ab36fc
[INFO] [stderr]                                  at src/libstd/panicking.rs:198
[INFO] [stderr]      9:     0x5649c4adedcc - std::panicking::default_hook::hc5868949d129ed00
[INFO] [stderr]                                  at src/libstd/panicking.rs:217
[INFO] [stderr]     10:     0x5649c4adf6c3 - std::panicking::rust_panic_with_hook::h26a6ab8b0993c0c8
[INFO] [stderr]                                  at src/libstd/panicking.rs:526
[INFO] [stderr]     11:     0x5649c4ab9a39 - std::panicking::begin_panic::h08a8bca95a42bbac
[INFO] [stderr]                                  at /rustc/cfbc6d4cf1acbac5c025acf8ed68929caa551df3/src/libstd/panicking.rs:456
[INFO] [stderr]     12:     0x5649c4aab119 - gcc::fail::hc577e69f01e56a64
[INFO] [stderr]                                  at /opt/rustwide/cargo-home/registry/src/github.com-1ecc6299db9ec823/gcc-0.3.35/src/lib.rs:897
[INFO] [stderr]     13:     0x5649c4aaaebc - gcc::run::he7319d33e9a8cec4
[INFO] [stderr]                                  at /opt/rustwide/cargo-home/registry/src/github.com-1ecc6299db9ec823/gcc-0.3.35/src/lib.rs:891
[INFO] [stderr]     14:     0x5649c4aa2a12 - gcc::Config::compile_object::hef0224645cba736c
[INFO] [stderr]                                  at /opt/rustwide/cargo-home/registry/src/github.com-1ecc6299db9ec823/gcc-0.3.35/src/lib.rs:409
[INFO] [stderr]     15:     0x5649c4aa2309 - gcc::Config::compile_objects::h72f10e268d93b1bb
[INFO] [stderr]                                  at /opt/rustwide/cargo-home/registry/src/github.com-1ecc6299db9ec823/gcc-0.3.35/src/lib.rs:379
[INFO] [stderr]     16:     0x5649c4aa1928 - gcc::Config::compile::h276af7246c908bde
[INFO] [stderr]                                  at /opt/rustwide/cargo-home/registry/src/github.com-1ecc6299db9ec823/gcc-0.3.35/src/lib.rs:344
[INFO] [stderr]     17:     0x5649c4a80388 - build_script_build::build_libtcod_objects::hc95d7ac33cf1ef70
[INFO] [stderr]                                  at /opt/rustwide/cargo-home/registry/src/github.com-1ecc6299db9ec823/tcod-sys-4.0.1/build.rs:16
[INFO] [stderr]     18:     0x5649c4a80ef2 - build_script_build::main::h922ce22d6cbb3922
[INFO] [stderr]                                  at /opt/rustwide/cargo-home/registry/src/github.com-1ecc6299db9ec823/tcod-sys-4.0.1/build.rs:111
[INFO] [stderr]     19:     0x5649c4a8504b - std::rt::lang_start::{{closure}}::h9d87be0731ac1842
[INFO] [stderr]                                  at /rustc/cfbc6d4cf1acbac5c025acf8ed68929caa551df3/src/libstd/rt.rs:67
[INFO] [stderr]     20:     0x5649c4adfa93 - std::rt::lang_start_internal::{{closure}}::h84a998219831fa70
[INFO] [stderr]                                  at src/libstd/rt.rs:52
[INFO] [stderr]     21:     0x5649c4adfa93 - std::panicking::try::do_call::he8e1d689a3e26def
[INFO] [stderr]                                  at src/libstd/panicking.rs:348
[INFO] [stderr]     22:     0x5649c4adfa93 - std::panicking::try::h264b6eebc2fa7bbf
[INFO] [stderr]                                  at src/libstd/panicking.rs:325
[INFO] [stderr]     23:     0x5649c4adfa93 - std::panic::catch_unwind::hbf28fafa723b2128
[INFO] [stderr]                                  at src/libstd/panic.rs:394
[INFO] [stderr]     24:     0x5649c4adfa93 - std::rt::lang_start_internal::he959aa59bc3ec202
[INFO] [stderr]                                  at src/libstd/rt.rs:51
[INFO] [stderr]     25:     0x5649c4a85027 - std::rt::lang_start::ha20a97e883c95170
[INFO] [stderr]                                  at /rustc/cfbc6d4cf1acbac5c025acf8ed68929caa551df3/src/libstd/rt.rs:67
[INFO] [stderr]     26:     0x5649c4a845ea - main
[INFO] [stderr]     27:     0x7f961a1600b3 - __libc_start_main
[INFO] [stderr]     28:     0x5649c4a8019e - _start
[INFO] [stderr]     29:                0x0 - <unknown>
[INFO] running `Command { std: "docker" "inspect" "c18432b55def07542b9a30627e86e33db90045578c6abede5d118bba78ea7b09", kill_on_drop: false }`
[INFO] running `Command { std: "docker" "rm" "-f" "c18432b55def07542b9a30627e86e33db90045578c6abede5d118bba78ea7b09", kill_on_drop: false }`
[INFO] [stdout] c18432b55def07542b9a30627e86e33db90045578c6abede5d118bba78ea7b09
